49 a prime number?
False
Is 20358883 a composite number?
False
Is 664097269 a composite number?
True
Is 52502291 a prime number?
True
Is 3696371 composite?
True
Is 65342993 prime?
False
Is 29974151 prime?
False
Is 86927497 composite?
False
Is 18301 a prime number?
True
Is 2683511 a composite number?
False
Is 170227 a prime number?
True
Is 35820479 composite?
True
Is 230508217 a prime number?
True
Is 25664461 a composite number?
True
Is 3829723 a composite number?
True
Is 25730303 composite?
True
Is 556511 a prime number?
False
Is 2109233 prime?
False
Is 3452891 a prime number?
False
Is 542032379 a composite number?
True
Is 1316009 a prime number?
True
Is 21019903 composite?
False
Is 195401813 a composite number?
True
Is 55910033 composite?
True
Is 9755035 composite?
True
Is 214883 a composite number?
False
Is 52510949 prime?
True
Is 11092867 prime?
False
Is 15265927 prime?
False
Is 1380811 composite?
False
Is 15108791 a prime number?
True
Is 233198603 composite?
True
Is 471061 prime?
True
Is 116221223 prime?
True
Is 3246611 a composite number?
True
Is 2701789 a composite number?
False
Is 813355 a prime number?
False
Is 35606603 composite?
False
Is 6569897 a prime number?
True
Is 1649327 a prime number?
True
Is 2694457 composite?
False
Is 962737 a composite number?
False
Is 62504603 prime?
False
Is 72779371 composite?
True
Is 1272048727 composite?
True
Is 5456339 composite?
True
Is 226116463 a composite number?
False
Is 466321 composite?
False
Is 162230407 prime?
True
Is 17018903 prime?
False
Is 200201462 a composite number?
True
Is 14516141 composite?
True
Is 67970041 a composite number?
False
Is 64905497 prime?
True
Is 58521187 a composite number?
False
Is 73319243 composite?
False
Is 279591413 prime?
True
Is 30081869 a composite number?
False
Is 15085027 a prime number?
True
Is 29326091 a prime number?
True
Is 5023429 composite?
True
Is 41666809 a composite number?
False
Is 7947011 composite?
False
Is 21215427 a prime number?
False
Is 83564807 prime?
True
Is 2090821 a composite number?
False
Is 35944583 prime?
True
Is 84366931 prime?
False
Is 801535643 composite?
False
Is 822037 composite?
False
Is 299339 composite?
True
Is 13331135 a prime number?
False
Is 10976797 prime?
False
Is 14228087 a prime number?
False
Is 13772543 composite?
False
Is 61202243 composite?
False
Is 401713799 a prime number?
True
Is 66556671 composite?
True
Is 6531947 a prime number?
True
Is 14858761 prime?
True
Is 98557 a composite number?
True
Is 44440369 prime?
False
Is 155401967 prime?
False
Is 54803 a composite number?
True
Is 7848329 prime?
False
Is 17212717 composite?
True
Is 5285041 a prime number?
False
Is 24067957 composite?
True
Is 6255061 a composite number?
False
Is 21320311 a composite number?
False
Is 58670047 a prime number?
False
Is 4492279 composite?
True
Is 3663481 prime?
False
Is 16180873 a composite number?
False
Is 2305049 a composite number?
False
Is 8752273 a prime number?
True
Is 6242543 prime?
False
Is 2461099 a composite number?
False
Is 181954445 composite?
True
Is 7171387 a composite number?
False
Is 3063197 a prime number?
True
Is 10464743 composite?
False
Is 77543 prime?
True
Is 638120633 a composite number?
False
Is 19540853 a composite number?
False
Is 72328495 a composite number?
True
Is 26737967 a composite number?
False
Is 6122819 a composite number?
False
Is 60564403 prime?
False
Is 1787693 composite?
True
Is 744071017 a prime number?
True
Is 707242 composite?
True
Is 10929827 a composite number?
True
Is 20914753 prime?
True
Is 34664891 a composite number?
False
Is 71291041 prime?
False
Is 70229101 a composite number?
False
Is 5151809 composite?
True
Is 82559777 a prime number?
False
Is 597841 a composite number?
True
Is 10671673 composite?
True
Is 8944249 a composite number?
False
Is 40800773 composite?
True
Is 5248403 a composite number?
True
Is 130282127 composite?
False
Is 1216721641 a prime number?
True
Is 39962297 a prime number?
True
Is 941537 a prime number?
True
Is 7801867 a composite number?
False
Is 22574039 a composite number?
False
Is 44109397 prime?
True
Is 24469693 a prime number?
True
Is 37075451 prime?
False
Is 41748647 a prime number?
False
Is 4851674 composite?
True
Is 6495563 prime?
True
Is 6766843 a composite number?
False
Is 28152182 a prime number?
False
Is 6847573 prime?
True
Is 14262238 a composite number?
True
Is 1458011 a prime number?
True
Is 4330681 composite?
True
Is 236843 prime?
False
Is 11903189 a prime number?
True
Is 3901153 a prime number?
True
Is 6685961 prime?
True
Is 39279127 composite?
True
Is 825161 prime?
True
Is 384017 a prime number?
True
Is 77708373 composite?
True
Is 183371011 a prime number?
True
Is 52017817 a composite number?
False
Is 289657 a prime number?
True
Is 113430679 a composite number?
False
Is 12941 prime?
True
Is 14377963 prime?
True
Is 3905789 composite?
False
Is 268607 a prime number?
True
Is 104673787 a composite number?
True
Is 4915727 composite?
False
Is 19233553 composite?
False
Is 666071 a prime number?
False
Is 10333039 a prime number?
False
Is 12241591 a composite number?
True
Is 12517667 a composite number?
False
Is 13177727 a composite number?
False
Is 16343737 a prime number?
True
Is 13545029 a prime number?
True
Is 74758219 a composite number?
True
Is 456093569 prime?
False
Is 30459167 prime?
True
Is 5545333 prime?
False
Is 23439517 a prime number?
True
Is 40662931 a composite number?
False
Is 1349729 a prime number?
False
Is 113669459 prime?
False
Is 824443 a composite number?
False
Is 31533563 a composite number?
False
Is 10812227 a composite number?
False
Is 1623719 a prime number?
False
Is 328428194 a prime number?
False
Is 88616107 a prime number?
False
Is 20683531 a prime number?
False
Is 129361423 prime?
True
Is 1513910963 composite?
False
Is 1289877889 composite?
False
Is 3109343 a prime number?
True
Is 30867845 prime?
False
Is 7785683 prime?
True
Is 101519191 a composite number?
True
Is 2191435 prime?
False
Is 13135687 composite?
False
Is 4514987 composite?
False
Is 5374379 a prime number?
True
Is 1923661 composite?
True
Is 438453637 a composite number?
False
Is 66061733 a prime number?
True
Is 9302563 composite?
False
Is 4251721 composite?
False
Is 3075377 prime?
True
Is 1491717 composite?
True
Is 4249391 a prime number?
True
Is 4155859 prime?
False
Is 3697207 a prime number?
True
Is 30833471 a composite number?
True
Is 2632309 composite?
False
Is 11045159 composite?
False
Is 127798117 a prime number?
True
Is 492289871 a composite number?
False
Is 193244261 a composite number?
True
Is 1305287 a composite number?
False
Is 912629 a prime number?
False
Is 26627009 a composite number?
False
Is 3421937 composite?
False
Is 980489 composite?
False
Is 60956249 prime?
False
Is 298929151 prime?
True
Is 3976319 a composite number?
False
Is 179671111 a prime number?
True
Is 18707041 composite?
False
Is 54830863 a prime number?
True
Is 3693449 a prime number?
True
Is 235528509 a prime number?
False
Is 1563689 a composite number?
False
Is 299461243 a prime number?
False
Is 59333 composite?
False
Is 656889 prime?
False
Is 170685701 a composite number?
True
Is 14439781 prime?
True
Is 115679 composite?
False
Is 6272381 composite?
True
Is 13432603 a prime number?
True
Is 49597059 composite?
True
Is 3875141 prime?
True
Is 4195619 prime?
True
Is 55575987 a prime number?
False
Is 10643203 a composite number?
True
Is 412139237 composite?
True
Is 9532867 composite?
False
Is 261899497 prime?
False
Is 6886727 a composite number?
False
Is 152396611 a composite number?
False
Is 21188839 a prime number?
False
Is 3548751 a composite number?
True
Is 4242919 a prime number?
True
Is 10121459 composite?
True
Is 597019 a prime number?
False
Is 10413937 a prime number?
True
Is 1764377 composite?
False
Is 8400241 a prime number?
False
Is 20910161 composite?
True
Is 5744857 a composite number?
True
Is 62050579 prime?
False
Is 1086348377 composite?
False
Is 753983437 composite?
False
Is 12803071 prime?
True
Is 95575121 a composite number?
False
Is 29567 a prime number?
True
Is 756881 composite?
False
Is 2344187 prime?
True
Is 70225899 a prime number?
False
Is 65647393 a prime number?
False
Is 2031391 prime?
True
Is 91417999 a composite number?
False
Is 168672311 composite?
False
Is 1